0. Suppose -u + 2 = -x. Is u a prime number?
False
Let j(q) = -2*q**2 - q + 1. Let g be j(-2). Let c(o) = 13*o - 3. Let d be c(g). Let p = d - -183. Is p a composite number?
True
Let s(x) = 4*x**2 + 2*x + 1. Let n be s(-1). Suppose -n*v = -0*v. Suppose -4*f + v*f = -148. Is f composite?
False
Suppose -4*z + 5041 = -5*p, -z + 3*p = -5*z + 5065. Let n = -833 + z. Is n a composite number?
False
Let b = 635 + -420. Suppose -q + 176 = 3*k - 51, b = 3*k - 5*q. Is 1/(-2) - k/(-2) a composite number?
False
Let r = 220 - 42. Is r/(-6)*(-6)/2 a composite number?
False
Suppose 3 + 1 = 2*y. Let v be 1 + -3 + (-2)/(-2). Is (v + 0)/(y/(-22)) prime?
True
Suppose -2*n - 5*k - 10 = -2, 8 = -2*n + 4*k. Is (-373)/n + (-1)/4 a prime number?
False
Is (-1528 + (0 - -1))*(-4)/6 a prime number?
False
Suppose 339 = 4*j - v, -5*j = -2*j - 2*v - 258. Let c be (j/(-2))/3 + -2. Let z = 26 + c. Is z prime?
False
Is (2/(-6))/(5/(-855)) a prime number?
False
Let p(u) = u - 8. Let z be p(10). Let w be 1 + (1 + z - 2). Suppose w*c + 2*c - 508 = 0. Is c a composite number?
False
Suppose 4*z - 5*z = 0. Let x be 3 + 17 + 1 + 1. Let a = x + z. Is a prime?
False
Suppose -q + 3 = 5. Let y be (q/3)/((-9)/1296). Suppose 5*c - 289 = y. Is c prime?
False
Suppose 2*w + 18 = 2*d - 4*d, 3*d = -4*w - 30. Let c be (2/d)/(8/(-24)). Is (-185)/c*(1 + -2) composite?
True
Suppose 1164 = 4*y + 4*d, 5*y - 374 = -d + 1089. Is y a composite number?
False
Let r(p) = -p + 17. Let b be r(14). Suppose -88 - 71 = -b*f. Is f a composite number?
False
Suppose 0 = -0*m - m. Suppose m = 4*t - 4*b - 32 - 48, 5*t - 124 = -3*b. Is t composite?
False
Let k(o) = o**2 + 22. Let i be k(0). Suppose -5*n + 3*n + 5*s = 23, 0 = -2*n - 4*s + i. Is (-1)/(n*3/(-9)) a composite number?
False
Let q(v) = -59*v. Is q(-3) a composite number?
True
Let k be (-40)/(-6)*168/5. Suppose -5*z - q = -261, -4*z + k = -q - 2*q. Is z a prime number?
True
Let f = -137 + 230. Suppose -2*l + 250 = -5*c, 2*c - 315 + f = -2*l. Suppose 2*h - h = l. Is h a prime number?
False
Let p = 2 - -13. Is p composite?
True
Let n = 2052 - 409. Is n composite?
True
Let l = 2675 - 37. Is l composite?
True
Let m be (2/1 - 2)/(-2). Suppose m = -5*l - 2*f + 385, -l - f - f + 77 = 0. Is l composite?
True
Suppose -1 = g + 1, 5*c - 1055 = 5*g. Suppose 2*z = -m + 55, -5*m + m = -3*z - c. Is m composite?
False
Let b = -61 - -107. Is b a prime number?
False
Let j = -6 + 11. Let b = j + -2. Is (-1 + b)*(16 + -3) a composite number?
True
Suppose 2*b - 236 = 2*d, 46 = 2*b - 5*d - 205. Is b prime?
True
Suppose p + 5 = 51. Is p composite?
True
Let p = 0 + 3. Suppose -5*f = -p*w + 175, -4*w + 173 = -w - 4*f. Is w a composite number?
True
Let b(p) = 24*p + 5 - 4 + 49*p. Let y be b(1). Suppose -5*s - y = -7*s. Is s a prime number?
True
Let i(a) = a**3 + 5*a**2 - 9*a + 6. Let h be i(-8). Let x = -1 - -164. Let o = x + h. Is o a prime number?
False
Suppose -2*u + 58 + 34 = 0. Is u composite?
True
Suppose 0 = j, -371 - 678 = -t + 3*j. Is t prime?
True
Let m = -554 - -997. Is m a prime number?
True
Suppose 16 = -2*s + 4*a, -5*s + 0*a - 4 = 2*a. Let d(l) = 60*l**2 + 2*l - 1. Is d(s) composite?
True
Let v(g) = -g**2 - 15*g - 2. Let h(t) = t**2 + 23*t + 3. Let c(b) = -5*h(b) - 8*v(b). Let a(z) = -z**3 + z**2 - z - 5. Let o be a(0). Is c(o) composite?
True
Let n be (5/(-1))/(2 + -1). Let h(l) = -2*l - 7. Let z be h(n). Suppose 15 - 3 = z*c. Is c prime?
False
Let a = -3 - -5. Suppose 4*m = -2*d, -2*d + 0*m = -a*m - 12. Suppose -s + 57 = d*i, 3*i + i - s = 47. Is i a composite number?
False
Let m(v) = v**2. Let h(y) = -8*y**2 + 5*y - 6. Let z(l) = -h(l) - 4*m(l). Is z(-7) a composite number?
True
Let w(p) be the third derivative of p**5/3 - p**4/6 - p**3/6 - 15*p**2. Suppose 0 = 3*b + b + 12. Is w(b) a prime number?
True
Let a(d) = -d**2 - d + 2. Let n be a(1). Suppose 11*f - 8*f - 669 = n. Is f prime?
True
Suppose -3*s = -i + 161, -s - s - 79 = 5*i. Suppose 4*c + 90 = c. Let j = c - s. Is j a prime number?
False
Let l(p) = 14*p + 148*p**3 + 13*p + p**2 + 1 - 28*p. Is l(1) a composite number?
False
Suppose -26 = -2*n + 172. Let x = 196 - n. Is x a prime number?
True
Suppose r - 4*r = 0. Suppose 3*v + 0*v = -2*a + 220, r = v - a - 75. Is v a composite number?
True
Let x(g) = -2683*g. Is x(-1) prime?
True
Let o(p) = 5*p - 1. Let t be o(-10). Is (t/(-9) + -1)*3 composite?
True
Let n = 2 - 0. Let b(t) = 4 - 10 - 4*t**2 + 7*t**n. Is b(5) prime?
False
Let o = 1873 - 3014. Is o/(-49) - (-4)/(-14) a prime number?
True
Suppose 3*b + 2*d - 1211 = 0, d = 1 - 0. Is b composite?
True
Let h(u) be the first derivative of -7*u + 2 + 1/3*u**3 + 11/2*u**2. Is h(8) prime?
False
Let n(q) = 5*q**2 + 6*q - 21. Is n(-10) composite?
False
Suppose -b + 2 = 7, 3*b = 2*i + 229. Let l = i + 308. Suppose -4*w + 18 = -l. Is w composite?
True
Let p = 9 - 4. Suppose -v - 3*i = -88, p*v + 2*i - 7*i - 420 = 0. Is v a prime number?
False
Let o = 3 + -3. Suppose -2*d + 0*d + 6 = o. Suppose 13 = -2*l + d*l. Is l composite?
False
Let h = -7 + 5. Let o be ((-8)/h)/(1 - -1). Suppose -o*u + 50 + 12 = 0. Is u prime?
True
Is 2052/8 + (-1)/(-2) a prime number?
True
Let p = -15 - -15. Suppose 3*w = -4*i + 553, p*w - w = 1. Is i a composite number?
False
Let o = 2686 + -1871. Is o composite?
True
Let x(c) = -27*c - 10. Is x(-3) a composite number?
False
Suppose 2*u = 4, -4*d - 6*u + 20 = -2*u. Suppose 3*k - 3 = -0. Let f = d - k. Is f prime?
True
Let s(t) = t + t**2 + 0*t + 2*t + 2. Let b be s(-2). Suppose -q + 4*z = 2*q - 419, 4*z - 16 = b. Is q composite?
True
Let x(w) = -w + 1. Let h be x(-2). Suppose -7*u + 268 = -h*u. Is u composite?
False
Suppose 0 = 4*k - y - 2*y - 5008, 5*y - 20 = 0. Is k prime?
False
Suppose 5*z = 8*z - 393. Is z composite?
False
Suppose 20 = 5*f, 0 = -3*v + v - 4*f + 26. Suppose -22 = -v*w + 4*y, 0 = -4*w - 2*y + 2 - 0. Is (1/(-2))/(w/(-124)) composite?
False
Is 2*6275/70 - 4/14 composite?
False
Suppose 4*g + 222 = 6*g. Is g prime?
False
Let y(g) = 2*g. Let b be y(2). Suppose -b*k + 2*i = -68, -i = -2*k - 3*i + 46. Is k prime?
True
Let i(l) = 12*l**2 - 5*l + 10. Let k(s) = -12*s**2 + 5*s - 9. Let t(a) = -6*i(a) - 7*k(a). Is t(-4) composite?
True
Let d(h) = 7*h - 7. Let m be d(6). Is 16842/m - (-2)/(-10) composite?
True
Suppose 2*f + 4*v = 134, 5*f - v - v - 275 = 0. Let y(t) = 14*t**2 + 4*t - 2. Let a be y(-4). Let h = a - f. Is h a composite number?
False
Is (-9)/6*3796/(-6) prime?
False
Suppose -5 + 1 = 2*x. Let j(q) be the third derivative of -q**6/30 + q**5/60 + q**3/6 - q**2. Is j(x) composite?
False
Let q = 2554 - 1311. Suppose 3*p + 202 = q. Is p prime?
True
Is 2/4*(677 - (-3 + 6)) a prime number?
True
Suppose 5*i = -5, 6*i = t + i - 5. Let w(j) = -j + 21. Let a be w(t). Is a/9 + (-4)/(-6) a composite number?
False
Let j(u) be the second derivative of -u**5/20 + u**4/12 + u**3/6 + 13*u**2 - 2*u. Is j(0) a composite number?
True
Let p(g) = 6 - 2*g - 4*g + 5*g. Let b be p(4). Suppose -c = -3*c + 4*d, 3*d = b*c - 5. Is c a composite number?
True
Let v(f) = -f**3 - 4*f**2 - 6*f - 1. Suppose -4*s = -17 - 11. Let b(l) = -l + 3. Let c be b(s). Is v(c) prime?
True
Let o(b) = 3285*b - 11. Is o(2) composite?
True
Suppose 3*u + 9 = -3*g, -35 = -8*g + 3*g + 5*u. Suppose 3*y - 380 = p, -3*y + 8*y - 633 = g*p. Is y composite?
False
Let c(o) = -3 - 2*o + 0*o + 0*o. Let t be c(-3). Suppose -t*v + 83 - 26 = 0. Is v composite?
False
Suppose 4*b = 2*r - 10, -2*r + b + 3 + 4 = 0. Suppose 4*h - 4*w = 236, 2*h - r*w = 3*h - 43. Is h a composite number?
True
Let p(g) = -g**3 + g. Let b(m) = -9*m**3 - 3*m**2 + 6*m + 1. Let c be ((-4)/(-6))/(2/3). Let j(v) = c*b(v) - 6*p(v). Is j(-2) composite?
False
Let s(d) = 2*d**2 - 5*d - 5. Let g = 11 - 5. Is s(g) a prime number?
True
Let o = -54 + 98. Let m = 121 - o. Is m prime?
False
Let c(b) = -b**3 + 6*b**2 - 4*b + 1. Let h be c(5). Let a(r) = -r**3 + 4*r**2 - 2*r + 12. Let o be a(9). Is o/(-7) + h/21 a composite number?
False
Let q be 2/(3 - 5) + -5. Is 106/8 - q/(-24) composite?
False
Let k = 3 - -3. Suppose 4*g + 20 + 16 = 0. Is k/g + 161/3 a prime number?
True
Let i(s) = s + 4. Let v be i(-7). Is 42 + 3/v + -2 composite?
True
Let b(h) be the third derivative of 95*h**4/24 - h**3/6 - h**2. Is b(1) composite?
True
Let x(m) = m**3 - 5*m**2 - 6*m - 8. Let n be x(6). Let o(